{"id":370,"date":"2018-05-10T08:40:02","date_gmt":"2018-05-10T11:40:02","guid":{"rendered":"http:\/\/nishadalar.org\/?page_id=370"},"modified":"2019-01-17T05:19:05","modified_gmt":"2019-01-17T08:19:05","slug":"muhasebe-hizmetleri","status":"publish","type":"page","link":"http:\/\/nishadalar.org\/?page_id=370","title":{"rendered":"Muhasebe Hizmetleri"},"content":{"rendered":"<p>&nbsp;<\/p>\n<p><span style=\"color: #000000;\"><strong><u><span style=\"color: #ff0000;\">Aidatlar\u0131n\u0131z\u0131 \u00f6demek i\u00e7in \u00a0Apsiyon program\u0131na giri\u015f yapman\u0131z gerekmektedir.<\/span> (<a style=\"color: #000000;\" href=\"https:\/\/www.apsiyon.com\/kullanici-girisi\">Apsiyon i\u00e7in t\u0131klay\u0131n)<\/a><\/u><\/strong><strong><br \/>\n<\/strong><\/span><\/p>\n<p><span style=\"color: #000000;\"><strong><span style=\"color: #ff0000;\">*Apsiyon program\u0131na \u00fcye de\u011filseniz l\u00fctfen \u00f6nce \u00fcye olunuz.<\/span><\/strong><strong><br \/>\n<\/strong><strong><span style=\"color: #ff0000;\">*\u00dcye olmak i\u00e7in kay\u0131tl\u0131 E-posta adresinizi yazman\u0131z\u00a0gerekmektedir.<\/span><\/strong><strong><br \/>\n<\/strong><strong>\u00a0 <span style=\"color: #ff0000;\">\u00dcyeli\u011finiz E-postan\u0131z\u0131n onaylanmas\u0131ndan sonra aktif olacakt\u0131r.<\/span><\/strong><strong><br \/>\n<\/strong><strong><span style=\"color: #ff0000;\">*Apsiyon program\u0131 \u00fczerinden yap\u0131lacak \u00f6deme i\u015flemleri i\u00e7in g\u00fcncel komisyon oran\u0131 kesilmektedir.<\/span><\/strong><\/span><\/p>\n<p><span style=\"color: #000000;\"><strong><span style=\"color: #ff0000;\">*Muhasebe ileti\u015fim numaras\u0131 0216 399 90 10\u00a0 \u00a0 \u00a0Dahili: 13-14<\/span><\/strong><\/span><\/p>\n<p><span style=\"color: #000000;\"><strong>\u00a0<\/strong><\/span><\/p>\n<p>&nbsp;<\/p>\n","protected":false},"excerpt":{"rendered":"<p>&nbsp; Aidatlar\u0131n\u0131z\u0131 \u00f6demek i\u00e7in \u00a0Apsiyon program\u0131na giri\u015f yapman\u0131z gerekmektedir. (Apsiyon i\u00e7in t\u0131klay\u0131n) *Apsiyon program\u0131na \u00fcye de\u011filseniz l\u00fctfen \u00f6nce \u00fcye olunuz. *\u00dcye olmak i\u00e7in kay\u0131tl\u0131 E-posta adresinizi yazman\u0131z\u00a0gerekmektedir. \u00a0 \u00dcyeli\u011finiz E-postan\u0131z\u0131n onaylanmas\u0131ndan sonra aktif olacakt\u0131r. *Apsiyon program\u0131 \u00fczerinden yap\u0131lacak \u00f6deme i\u015flemleri i\u00e7in g\u00fcncel komisyon oran\u0131 kesilmektedir. *Muhasebe ileti\u015fim numaras\u0131 0216 399 90 10\u00a0 \u00a0 \u00a0Dahili: 13-14 [&hellip;]<\/p>\n","protected":false},"author":1,"featured_media":0,"parent":0,"menu_order":0,"comment_status":"closed","ping_status":"closed","template":"","meta":[],"_links":{"self":[{"href":"http:\/\/nishadalar.org\/index.php?rest_route=\/wp\/v2\/pages\/370"}],"collection":[{"href":"http:\/\/nishadalar.org\/index.php?rest_route=\/wp\/v2\/pages"}],"about":[{"href":"http:\/\/nishadalar.org\/index.php?rest_route=\/wp\/v2\/types\/page"}],"author":[{"embeddable":true,"href":"http:\/\/nishadalar.org\/index.php?rest_route=\/wp\/v2\/users\/1"}],"replies":[{"embeddable":true,"href":"http:\/\/nishadalar.org\/index.php?rest_route=%2Fwp%2Fv2%2Fcomments&post=370"}],"version-history":[{"count":12,"href":"http:\/\/nishadalar.org\/index.php?rest_route=\/wp\/v2\/pages\/370\/revisions"}],"predecessor-version":[{"id":1144,"href":"http:\/\/nishadalar.org\/index.php?rest_route=\/wp\/v2\/pages\/370\/revisions\/1144"}],"wp:attachment":[{"href":"http:\/\/nishadalar.org\/index.php?rest_route=%2Fwp%2Fv2%2Fmedia&parent=370"}],"curies":[{"name":"wp","href":"https:\/\/api.w.org\/{rel}","templated":true}]}}