{"id":411,"date":"2018-05-10T11:50:28","date_gmt":"2018-05-10T14:50:28","guid":{"rendered":"http:\/\/nishadalar.org\/?page_id=411"},"modified":"2018-05-10T11:50:46","modified_gmt":"2018-05-10T14:50:46","slug":"ortak-alan-ilaclama-hizmetleri","status":"publish","type":"page","link":"http:\/\/nishadalar.org\/?page_id=411","title":{"rendered":"Ortak Alan \u0130la\u00e7lama Hizmetleri"},"content":{"rendered":"<p>Ha\u015fere \u0130la\u00e7lama ve Kontrol Hizmetleri<\/p>\n<p>Sitemizde ortak alanlar\u0131n ila\u00e7lanma i\u015flemleri 2012 y\u0131l\u0131ndan itibaren yap\u0131lmaktad\u0131r. Hizmet kapsam\u0131nda Y\u00fcr\u00fcyen Ha\u015fere ve Kemirgene y\u00f6nelik Entegre M\u00fccadele program\u0131 y\u00fcr\u00fct\u00fclmektedir.<\/p>\n<p>Hizmet kapsam\u0131nda,<\/p>\n<p>Kemirgene y\u00f6nelik; \u0130\u00e7 alan, d\u0131\u015f alan, otoparklar, otoparklarda bulunan depo, kazan daireleri, ve bina ortak alanlar i\u00e7erisindeki \u015faft kanallar\u0131na kemirgen yem istasyonlar\u0131 b\u0131rak\u0131lmaktad\u0131r.<\/p>\n<p>Y\u00fcr\u00fcyen Ha\u015fereye y\u00f6nelik; Bina giri\u015fleri, apartman ortak alanlar\u0131, merdiven ve asans\u00f6r bo\u015fluklar\u0131, s\u0131\u011f\u0131naklar, bodrum katlar ve apartman \u00e7evrelerine m\u00fcdahaleler yap\u0131lmaktad\u0131r.<\/p>\n<p><a href=\"http:\/\/nishadalar.org\/wp-content\/uploads\/2018\/05\/Ha\u015fere-ila\u00e7lama.jpeg\"><img loading=\"lazy\" class=\"alignnone size-medium wp-image-413\" src=\"http:\/\/nishadalar.org\/wp-content\/uploads\/2018\/05\/Ha\u015fere-ila\u00e7lama-300x300.jpeg\" alt=\"\" width=\"300\" height=\"300\" srcset=\"http:\/\/nishadalar.org\/wp-content\/uploads\/2018\/05\/Ha\u015fere-ila\u00e7lama-300x300.jpeg 300w, http:\/\/nishadalar.org\/wp-content\/uploads\/2018\/05\/Ha\u015fere-ila\u00e7lama-80x80.jpeg 80w, http:\/\/nishadalar.org\/wp-content\/uploads\/2018\/05\/Ha\u015fere-ila\u00e7lama-36x36.jpeg 36w, http:\/\/nishadalar.org\/wp-content\/uploads\/2018\/05\/Ha\u015fere-ila\u00e7lama-180x180.jpeg 180w, http:\/\/nishadalar.org\/wp-content\/uploads\/2018\/05\/Ha\u015fere-ila\u00e7lama-120x120.jpeg 120w, http:\/\/nishadalar.org\/wp-content\/uploads\/2018\/05\/Ha\u015fere-ila\u00e7lama-450x450.jpeg 450w, http:\/\/nishadalar.org\/wp-content\/uploads\/2018\/05\/Ha\u015fere-ila\u00e7lama.jpeg 612w\" sizes=\"(max-width: 300px) 100vw, 300px\" \/><\/a><\/p>\n","protected":false},"excerpt":{"rendered":"<p>Ha\u015fere \u0130la\u00e7lama ve Kontrol Hizmetleri Sitemizde ortak alanlar\u0131n ila\u00e7lanma i\u015flemleri 2012 y\u0131l\u0131ndan itibaren yap\u0131lmaktad\u0131r. Hizmet kapsam\u0131nda Y\u00fcr\u00fcyen Ha\u015fere ve Kemirgene y\u00f6nelik Entegre M\u00fccadele program\u0131 y\u00fcr\u00fct\u00fclmektedir. Hizmet kapsam\u0131nda, Kemirgene y\u00f6nelik; \u0130\u00e7 alan, d\u0131\u015f alan, otoparklar, otoparklarda bulunan depo, kazan daireleri, ve bina ortak alanlar i\u00e7erisindeki \u015faft kanallar\u0131na kemirgen yem istasyonlar\u0131 b\u0131rak\u0131lmaktad\u0131r. Y\u00fcr\u00fcyen Ha\u015fereye y\u00f6nelik; Bina giri\u015fleri, [&hellip;]<\/p>\n","protected":false},"author":1,"featured_media":0,"parent":0,"menu_order":0,"comment_status":"closed","ping_status":"closed","template":"","meta":[],"_links":{"self":[{"href":"http:\/\/nishadalar.org\/index.php?rest_route=\/wp\/v2\/pages\/411"}],"collection":[{"href":"http:\/\/nishadalar.org\/index.php?rest_route=\/wp\/v2\/pages"}],"about":[{"href":"http:\/\/nishadalar.org\/index.php?rest_route=\/wp\/v2\/types\/page"}],"author":[{"embeddable":true,"href":"http:\/\/nishadalar.org\/index.php?rest_route=\/wp\/v2\/users\/1"}],"replies":[{"embeddable":true,"href":"http:\/\/nishadalar.org\/index.php?rest_route=%2Fwp%2Fv2%2Fcomments&post=411"}],"version-history":[{"count":1,"href":"http:\/\/nishadalar.org\/index.php?rest_route=\/wp\/v2\/pages\/411\/revisions"}],"predecessor-version":[{"id":414,"href":"http:\/\/nishadalar.org\/index.php?rest_route=\/wp\/v2\/pages\/411\/revisions\/414"}],"wp:attachment":[{"href":"http:\/\/nishadalar.org\/index.php?rest_route=%2Fwp%2Fv2%2Fmedia&parent=411"}],"curies":[{"name":"wp","href":"https:\/\/api.w.org\/{rel}","templated":true}]}}