{"id":785,"date":"2018-06-04T05:31:38","date_gmt":"2018-06-04T08:31:38","guid":{"rendered":"http:\/\/nishadalar.org\/?page_id=785"},"modified":"2018-06-04T05:31:38","modified_gmt":"2018-06-04T08:31:38","slug":"haziran","status":"publish","type":"page","link":"http:\/\/nishadalar.org\/?page_id=785","title":{"rendered":"HAZ\u0130RAN"},"content":{"rendered":"<div class=\"flex_column av_two_third  flex_column_div av-zero-column-padding first  \" style='border-radius:0px; '><p><section class=\"av_textblock_section \"  itemscope=\"itemscope\" itemtype=\"https:\/\/schema.org\/CreativeWork\" ><div class='avia_textblock  '   itemprop=\"text\" ><p>Blok genelinde asfalt \u00e7al\u0131\u015fmam\u0131z ba\u015flam\u0131\u015ft\u0131r.<\/p>\n<p>Sitemiz i\u00e7erisinde bulunan hasarl\u0131 asfaltlar i\u00e7in tamir i\u015flemleri devam etmektedir.<\/p>\n<\/div><\/section><br \/>\n<div class='avia-gallery  avia-gallery-1 avia_lazyload avia_animate_when_visible '  itemprop=\"ImageObject\" itemscope=\"itemscope\" itemtype=\"https:\/\/schema.org\/ImageObject\" ><div class='avia-gallery-thumb'> <a href='http:\/\/nishadalar.org\/wp-content\/uploads\/2018\/06\/ASFALT-\u00c7ALI\u015eMASI-1-579x1030.jpeg' data-rel='gallery-1' data-prev-img='http:\/\/nishadalar.org\/wp-content\/uploads\/2018\/06\/ASFALT-\u00c7ALI\u015eMASI-1-495x400.jpeg' class='first_thumb lightbox ' data-onclick='1' title=''  itemprop=\"thumbnailUrl\" ><img  src='http:\/\/nishadalar.org\/wp-content\/uploads\/2018\/06\/ASFALT-\u00c7ALI\u015eMASI-1-495x400.jpeg' width='495' height='400'  title='' alt='' \/><\/a> <a href='http:\/\/nishadalar.org\/wp-content\/uploads\/2018\/06\/ASFALT-\u00c7ALI\u015eMASI-2-1030x579.jpeg' data-rel='gallery-1' data-prev-img='http:\/\/nishadalar.org\/wp-content\/uploads\/2018\/06\/ASFALT-\u00c7ALI\u015eMASI-2-495x400.jpeg' class='lightbox ' data-onclick='2' title=''  itemprop=\"thumbnailUrl\" ><img  src='http:\/\/nishadalar.org\/wp-content\/uploads\/2018\/06\/ASFALT-\u00c7ALI\u015eMASI-2-495x400.jpeg' width='495' height='400'  title='' alt='' \/><\/a> <a href='http:\/\/nishadalar.org\/wp-content\/uploads\/2018\/06\/ASFALT-\u00c7ALI\u015eMASI-3-579x1030.jpeg' data-rel='gallery-1' data-prev-img='http:\/\/nishadalar.org\/wp-content\/uploads\/2018\/06\/ASFALT-\u00c7ALI\u015eMASI-3-495x400.jpeg' class='lightbox ' data-onclick='3' title=''  itemprop=\"thumbnailUrl\" ><img  src='http:\/\/nishadalar.org\/wp-content\/uploads\/2018\/06\/ASFALT-\u00c7ALI\u015eMASI-3-495x400.jpeg' width='495' height='400'  title='' alt='' \/><\/a> <a href='http:\/\/nishadalar.org\/wp-content\/uploads\/2018\/06\/ASFALT-\u00c7ALI\u015eMASI-4-1030x579.jpeg' data-rel='gallery-1' data-prev-img='http:\/\/nishadalar.org\/wp-content\/uploads\/2018\/06\/ASFALT-\u00c7ALI\u015eMASI-4-495x400.jpeg' class='lightbox ' data-onclick='4' title=''  itemprop=\"thumbnailUrl\" ><img  src='http:\/\/nishadalar.org\/wp-content\/uploads\/2018\/06\/ASFALT-\u00c7ALI\u015eMASI-4-495x400.jpeg' width='495' height='400'  title='' alt='' \/><\/a> <a href='http:\/\/nishadalar.org\/wp-content\/uploads\/2018\/06\/ASFALT-\u00c7ALI\u015eMASI-5-1030x579.jpeg' data-rel='gallery-1' data-prev-img='http:\/\/nishadalar.org\/wp-content\/uploads\/2018\/06\/ASFALT-\u00c7ALI\u015eMASI-5-495x400.jpeg' class='lightbox ' data-onclick='5' title=''  itemprop=\"thumbnailUrl\" ><img  src='http:\/\/nishadalar.org\/wp-content\/uploads\/2018\/06\/ASFALT-\u00c7ALI\u015eMASI-5-495x400.jpeg' width='495' height='400'  title='' alt='' \/><\/a><\/div><\/div><\/p><\/div>\n","protected":false},"excerpt":{"rendered":"","protected":false},"author":1,"featured_media":0,"parent":0,"menu_order":0,"comment_status":"closed","ping_status":"closed","template":"","meta":[],"_links":{"self":[{"href":"http:\/\/nishadalar.org\/index.php?rest_route=\/wp\/v2\/pages\/785"}],"collection":[{"href":"http:\/\/nishadalar.org\/index.php?rest_route=\/wp\/v2\/pages"}],"about":[{"href":"http:\/\/nishadalar.org\/index.php?rest_route=\/wp\/v2\/types\/page"}],"author":[{"embeddable":true,"href":"http:\/\/nishadalar.org\/index.php?rest_route=\/wp\/v2\/users\/1"}],"replies":[{"embeddable":true,"href":"http:\/\/nishadalar.org\/index.php?rest_route=%2Fwp%2Fv2%2Fcomments&post=785"}],"version-history":[{"count":1,"href":"http:\/\/nishadalar.org\/index.php?rest_route=\/wp\/v2\/pages\/785\/revisions"}],"predecessor-version":[{"id":791,"href":"http:\/\/nishadalar.org\/index.php?rest_route=\/wp\/v2\/pages\/785\/revisions\/791"}],"wp:attachment":[{"href":"http:\/\/nishadalar.org\/index.php?rest_route=%2Fwp%2Fv2%2Fmedia&parent=785"}],"curies":[{"name":"wp","href":"https:\/\/api.w.org\/{rel}","templated":true}]}}